{"id":84,"date":"2023-01-25T12:30:58","date_gmt":"2023-01-25T15:30:58","guid":{"rendered":"https:\/\/memoriadaculturaesportebsb.com.br\/final\/?page_id=84"},"modified":"2023-03-22T16:36:38","modified_gmt":"2023-03-22T19:36:38","slug":"quem-somos","status":"publish","type":"page","link":"https:\/\/memoriadaculturaesportebsb.com.br\/index.php\/quem-somos\/","title":{"rendered":"Quem Somos"},"content":{"rendered":"<h3>H\u00e9lio Tremendani dos Santos<\/h3>\n<p>Carioca, botafoguense e portelense, H\u00e9lio est\u00e1 vinculado \u00e0 vida comunit\u00e1ria de Bras\u00edlia e, em especial, do bairro Cruzeiro, desde que aqui chegou, em 1961. Ele \u00e9 dono de um riqu\u00edssimo arquivo jornal\u00edstico e fotogr\u00e1fico, neste site publicados, que melhor ajudam a entender sobre a cultura e o esporte da ainda jovem capital da Rep\u00fablica.<\/p>\n<h3>Francisco Xavier de Oliveira<\/h3>\n<p>O \u201cProfessor Xavier&#8221; revelou-se ao longo dos anos um especialista em atletismo e corridas de rua no Brasil. Foi um grande atleta nas pistas de Bras\u00edlia. Como professor de educa\u00e7\u00e3o f\u00edsica destacou-se na organiza\u00e7\u00e3o da Corrida de Reis do Distrito Federal, que ajudou a criar, em 1970, e coordenar ao longo de 38 edi\u00e7\u00f5es.<\/p>\n<h3>Ricardo Vidal<\/h3>\n<p>Carioca, est\u00e1 em Bras\u00edlia desde1977. Praticou atletismo em n\u00edvel internacional, v\u00f4lei em n\u00edvel nacional, nata\u00e7\u00e3o, futev\u00f4lei em n\u00edvel local e basquete e t\u00eanis em n\u00edvel de empresa. Gestor esportivo com passagens pelo terceiro setor e Governo Federal. Atualmente atua na Assessoria de Rela\u00e7\u00f5es Institucionais da Confedera\u00e7\u00e3o Brasileira de Atletismo &#8211; CBAt.<\/p>\n<h3>Jos\u00e9 Cruz<\/h3>\n<p>Em Bras\u00edlia desde 1980, entrou para a reportagem esportiva em 1986. Cobriu os Jogos Ol\u00edmpicos de Seul (1988) e Sidney (2000). Durante seis anos, manteve um blog no UOL, onde revelou esquemas de corrup\u00e7\u00e3o com verbas p\u00fablicas no esporte. Em 2016 integrou a equipe da CPI do Futebol, no Senado, presidida pelo senador Rom\u00e1rio.<\/p>\n<h3>Heloisa Cristaldo<\/h3>\n<p>Jornalista concursada da EBC desde 2012, com especializa\u00e7\u00e3o em Estado, Governo e Pol\u00edticas P\u00fablicas pela Universidade de Bras\u00edlia (UnB). Rep\u00f3rter da Ag\u00eancia Brasil setorista de Pol\u00edtica, atuou na cobertura de Congresso Nacional entre 2016 e 2022. Antes, foi rep\u00f3rter de Educa\u00e7\u00e3o, Ci\u00eancia &amp; Tecnologia pelo mesmo ve\u00edculo, na ocasi\u00e3o fez reportagens especiais em parceria com a Radioag\u00eancia Nacional e foi finalista do Pr\u00eamio Jornalistas&amp;Cia\/HSBC de Imprensa e Sustentabilidade com o trabalho Especial &#8211; Seca no Semi\u00e1rido\/ no segmento R\u00e1dio da categoria M\u00eddia Nacional, em parceria com Maria Beatriz de Melo e Messias Costa Melo. Com experi\u00eancia no Poder Executivo, tamb\u00e9m coordenou as Assessorias de Comunica\u00e7\u00e3o dos seguintes \u00f3rg\u00e3os: Empresa Brasileira de Servi\u00e7os Hospitalares (cedida entre 2013 e 2016); da Procuradoria Regional da Rep\u00fablica -1\u00aa Regi\u00e3o\/PRR1-MPF (2011-2012), Frente Nacional de Prefeitos \u2013 FNP (2011), Escola Nacional de Administra\u00e7\u00e3o P\u00fablica \u2013 ENAP (2010-2011), Uni\u00e3o Nacional dos Dirigentes Municipais de Educa\u00e7\u00e3o \u2013 Undime (2009-2010), Minist\u00e9rio da Educa\u00e7\u00e3o (2003-2009).<\/p>\n<h3>Marco Aur\u00e9lio Guedes<\/h3>\n<p>O popular Marquinho morou na Octogonal e em 1983 se mudou para o Cruzeiro Velho. Professor de educa\u00e7\u00e3o f\u00edsica, trabalhou em escolas, no MEC, Secretaria de Esportes, prestou servi\u00e7os para o COB (Comit\u00ea Ol\u00edmpico Brasileiro), trabalhou nos Jogos da Juventude e foi o respons\u00e1vel por toda a parte administrativa dos Centros Ol\u00edmpicos de Bras\u00edlia. Trabalhei v\u00e1rios anos com o Marquinho e o considero um dos maiores gestores na \u00e1rea esportiva, n\u00e3o s\u00f3 em Bras\u00edlia como em todo o pa\u00eds. Com o seu jeito calmo, consegue solucionar grandes problemas criados pela falta de uma pol\u00edtica esportiva em Bras\u00edlia.<br \/>\nJogou futsal pelo ASMEC e era considerado um jogador muito habilidoso.<\/p>\n","protected":false},"excerpt":{"rendered":"<p>H\u00e9lio Tremendani dos Santos Carioca, botafoguense e portelense, H\u00e9lio est\u00e1 vinculado \u00e0 vida comunit\u00e1ria de Bras\u00edlia e, em especial, do bairro Cruzeiro, desde que aqui chegou, em 1961. Ele \u00e9 dono de um riqu\u00edssimo arquivo jornal\u00edstico e fotogr\u00e1fico, neste site publicados, que melhor ajudam a entender sobre a cultura e o esporte da ainda jovem &hellip;<\/p>\n","protected":false},"author":1,"featured_media":1798,"parent":0,"menu_order":0,"comment_status":"closed","ping_status":"closed","template":"","meta":{"footnotes":""},"class_list":["post-84","page","type-page","status-publish","has-post-thumbnail",""],"_links":{"self":[{"href":"https:\/\/memoriadaculturaesportebsb.com.br\/index.php\/wp-json\/wp\/v2\/pages\/84","targetHints":{"allow":["GET"]}}],"collection":[{"href":"https:\/\/memoriadaculturaesportebsb.com.br\/index.php\/wp-json\/wp\/v2\/pages"}],"about":[{"href":"https:\/\/memoriadaculturaesportebsb.com.br\/index.php\/wp-json\/wp\/v2\/types\/page"}],"author":[{"embeddable":true,"href":"https:\/\/memoriadaculturaesportebsb.com.br\/index.php\/wp-json\/wp\/v2\/users\/1"}],"replies":[{"embeddable":true,"href":"https:\/\/memoriadaculturaesportebsb.com.br\/index.php\/wp-json\/wp\/v2\/comments?post=84"}],"version-history":[{"count":5,"href":"https:\/\/memoriadaculturaesportebsb.com.br\/index.php\/wp-json\/wp\/v2\/pages\/84\/revisions"}],"predecessor-version":[{"id":1680,"href":"https:\/\/memoriadaculturaesportebsb.com.br\/index.php\/wp-json\/wp\/v2\/pages\/84\/revisions\/1680"}],"wp:featuredmedia":[{"embeddable":true,"href":"https:\/\/memoriadaculturaesportebsb.com.br\/index.php\/wp-json\/wp\/v2\/media\/1798"}],"wp:attachment":[{"href":"https:\/\/memoriadaculturaesportebsb.com.br\/index.php\/wp-json\/wp\/v2\/media?parent=84"}],"curies":[{"name":"wp","href":"https:\/\/api.w.org\/{rel}","templated":true}]}}

<h3>Hélio Tremendani dos Santos</h3>
<p>Carioca, botafoguense e portelense, Hélio está vinculado à vida comunitária de Brasília e, em especial, do bairro Cruzeiro, desde que aqui chegou, em 1961. Ele é dono de um riquíssimo arquivo jornalístico e fotográfico, neste site publicados, que melhor ajudam a entender sobre a cultura e o esporte da ainda jovem capital da República.</p>
<h3>Francisco Xavier de Oliveira</h3>
<p>O “Professor Xavier&#8221; revelou-se ao longo dos anos um especialista em atletismo e corridas de rua no Brasil. Foi um grande atleta nas pistas de Brasília. Como professor de educação física destacou-se na organização da Corrida de Reis do Distrito Federal, que ajudou a criar, em 1970, e coordenar ao longo de 38 edições.</p>
<h3>Ricardo Vidal</h3>
<p>Carioca, está em Brasília desde1977. Praticou atletismo em nível internacional, vôlei em nível nacional, natação, futevôlei em nível local e basquete e tênis em nível de empresa. Gestor esportivo com passagens pelo terceiro setor e Governo Federal. Atualmente atua na Assessoria de Relações Institucionais da Confederação Brasileira de Atletismo &#8211; CBAt.</p>
<h3>José Cruz</h3>
<p>Em Brasília desde 1980, entrou para a reportagem esportiva em 1986. Cobriu os Jogos Olímpicos de Seul (1988) e Sidney (2000). Durante seis anos, manteve um blog no UOL, onde revelou esquemas de corrupção com verbas públicas no esporte. Em 2016 integrou a equipe da CPI do Futebol, no Senado, presidida pelo senador Romário.</p>
<h3>Heloisa Cristaldo</h3>
<p>Jornalista concursada da EBC desde 2012, com especialização em Estado, Governo e Políticas Públicas pela Universidade de Brasília (UnB). Repórter da Agência Brasil setorista de Política, atuou na cobertura de Congresso Nacional entre 2016 e 2022. Antes, foi repórter de Educação, Ciência &amp; Tecnologia pelo mesmo veículo, na ocasião fez reportagens especiais em parceria com a Radioagência Nacional e foi finalista do Prêmio Jornalistas&amp;Cia/HSBC de Imprensa e Sustentabilidade com o trabalho Especial &#8211; Seca no Semiárido/ no segmento Rádio da categoria Mídia Nacional, em parceria com Maria Beatriz de Melo e Messias Costa Melo. Com experiência no Poder Executivo, também coordenou as Assessorias de Comunicação dos seguintes órgãos: Empresa Brasileira de Serviços Hospitalares (cedida entre 2013 e 2016); da Procuradoria Regional da República -1ª Região/PRR1-MPF (2011-2012), Frente Nacional de Prefeitos – FNP (2011), Escola Nacional de Administração Pública – ENAP (2010-2011), União Nacional dos Dirigentes Municipais de Educação – Undime (2009-2010), Ministério da Educação (2003-2009).</p>
<h3>Marco Aurélio Guedes</h3>
<p>O popular Marquinho morou na Octogonal e em 1983 se mudou para o Cruzeiro Velho. Professor de educação física, trabalhou em escolas, no MEC, Secretaria de Esportes, prestou serviços para o COB (Comitê Olímpico Brasileiro), trabalhou nos Jogos da Juventude e foi o responsável por toda a parte administrativa dos Centros Olímpicos de Brasília. Trabalhei vários anos com o Marquinho e o considero um dos maiores gestores na área esportiva, não só em Brasília como em todo o país. Com o seu jeito calmo, consegue solucionar grandes problemas criados pela falta de uma política esportiva em Brasília.<br />
Jogou futsal pelo ASMEC e era considerado um jogador muito habilidoso.</p>

<p>Hélio Tremendani dos Santos Carioca, botafoguense e portelense, Hélio está vinculado à vida comunitária de Brasília e, em especial, do bairro Cruzeiro, desde que aqui chegou, em 1961. Ele é dono de um riquíssimo arquivo jornalístico e fotográfico, neste site publicados, que melhor ajudam a entender sobre a cultura e o esporte da ainda jovem &hellip;</p>
