{"id":1870,"date":"2023-04-21T16:54:09","date_gmt":"2023-04-21T19:54:09","guid":{"rendered":"https:\/\/memoriadaculturaesportebsb.com.br\/wp-content\/uploads\/2023\/04\/WhatsApp-Image-2023-04-21-at-15.35.50.jpeg"},"modified":"2023-04-24T19:38:44","modified_gmt":"2023-04-24T22:38:44","slug":"whatsapp-image-2023-04-21-at-15-35-50","status":"inherit","type":"attachment","link":"https:\/\/memoriadaculturaesportebsb.com.br\/index.php\/2023\/04\/21\/parabens-brasilia\/whatsapp-image-2023-04-21-at-15-35-50\/","title":{"rendered":"WhatsApp Image 2023-04-21 at 15.35.50"},"author":2,"featured_media":0,"comment_status":"closed","ping_status":"closed","template":"","meta":[],"class_list":["post-1870","attachment","type-attachment","status-inherit",""],"description":{"rendered":"<p class=\"attachment\"><a href='https:\/\/memoriadaculturaesportebsb.com.br\/wp-content\/uploads\/2023\/04\/WhatsApp-Image-2023-04-21-at-15.35.50.jpeg'><img loading=\"lazy\" decoding=\"async\" width=\"300\" height=\"300\" src=\"https:\/\/memoriadaculturaesportebsb.com.br\/wp-content\/uploads\/2023\/04\/WhatsApp-Image-2023-04-21-at-15.35.50-300x300.jpeg\" class=\"attachment-medium size-medium\" alt=\"\" srcset=\"https:\/\/memoriadaculturaesportebsb.com.br\/wp-content\/uploads\/2023\/04\/WhatsApp-Image-2023-04-21-at-15.35.50-300x300.jpeg 300w, https:\/\/memoriadaculturaesportebsb.com.br\/wp-content\/uploads\/2023\/04\/WhatsApp-Image-2023-04-21-at-15.35.50-1024x1024.jpeg 1024w, https:\/\/memoriadaculturaesportebsb.com.br\/wp-content\/uploads\/2023\/04\/WhatsApp-Image-2023-04-21-at-15.35.50-150x150.jpeg 150w, https:\/\/memoriadaculturaesportebsb.com.br\/wp-content\/uploads\/2023\/04\/WhatsApp-Image-2023-04-21-at-15.35.50-768x768.jpeg 768w, https:\/\/memoriadaculturaesportebsb.com.br\/wp-content\/uploads\/2023\/04\/WhatsApp-Image-2023-04-21-at-15.35.50-70x70.jpeg 70w, https:\/\/memoriadaculturaesportebsb.com.br\/wp-content\/uploads\/2023\/04\/WhatsApp-Image-2023-04-21-at-15.35.50-120x120.jpeg 120w, https:\/\/memoriadaculturaesportebsb.com.br\/wp-content\/uploads\/2023\/04\/WhatsApp-Image-2023-04-21-at-15.35.50.jpeg 1080w\" sizes=\"auto, (max-width: 300px) 100vw, 300px\" \/><\/a><\/p>\n"},"caption":{"rendered":"<p>Gl\u00f3ria e Elita, irm\u00e3s do super campe\u00e3o ol\u00edmpico Joaquim Cruz<\/p>\n"},"alt_text":"","media_type":"image","mime_type":"image\/jpeg","media_details":{"width":1080,"height":1080,"file":"2023\/04\/WhatsApp-Image-2023-04-21-at-15.35.50.jpeg","filesize":147587,"sizes":{"medium":{"file":"WhatsApp-Image-2023-04-21-at-15.35.50-300x300.jpeg","width":300,"height":300,"filesize":23278,"mime_type":"image\/jpeg","source_url":"https:\/\/memoriadaculturaesportebsb.com.br\/wp-content\/uploads\/2023\/04\/WhatsApp-Image-2023-04-21-at-15.35.50-300x300.jpeg"},"large":{"file":"WhatsApp-Image-2023-04-21-at-15.35.50-1024x1024.jpeg","width":1024,"height":1024,"filesize":187586,"mime_type":"image\/jpeg","source_url":"https:\/\/memoriadaculturaesportebsb.com.br\/wp-content\/uploads\/2023\/04\/WhatsApp-Image-2023-04-21-at-15.35.50-1024x1024.jpeg"},"thumbnail":{"file":"WhatsApp-Image-2023-04-21-at-15.35.50-150x150.jpeg","width":150,"height":150,"filesize":7588,"mime_type":"image\/jpeg","source_url":"https:\/\/memoriadaculturaesportebsb.com.br\/wp-content\/uploads\/2023\/04\/WhatsApp-Image-2023-04-21-at-15.35.50-150x150.jpeg"},"medium_large":{"file":"WhatsApp-Image-2023-04-21-at-15.35.50-768x768.jpeg","width":768,"height":768,"filesize":115350,"mime_type":"image\/jpeg","source_url":"https:\/\/memoriadaculturaesportebsb.com.br\/wp-content\/uploads\/2023\/04\/WhatsApp-Image-2023-04-21-at-15.35.50-768x768.jpeg"},"tie-small":{"file":"WhatsApp-Image-2023-04-21-at-15.35.50-110x75.jpeg","width":110,"height":75,"filesize":3582,"mime_type":"image\/jpeg","source_url":"https:\/\/memoriadaculturaesportebsb.com.br\/wp-content\/uploads\/2023\/04\/WhatsApp-Image-2023-04-21-at-15.35.50-110x75.jpeg"},"tie-medium":{"file":"WhatsApp-Image-2023-04-21-at-15.35.50-310x165.jpeg","width":310,"height":165,"filesize":14771,"mime_type":"image\/jpeg","source_url":"https:\/\/memoriadaculturaesportebsb.com.br\/wp-content\/uploads\/2023\/04\/WhatsApp-Image-2023-04-21-at-15.35.50-310x165.jpeg"},"tie-large":{"file":"WhatsApp-Image-2023-04-21-at-15.35.50-310x205.jpeg","width":310,"height":205,"filesize":18185,"mime_type":"image\/jpeg","source_url":"https:\/\/memoriadaculturaesportebsb.com.br\/wp-content\/uploads\/2023\/04\/WhatsApp-Image-2023-04-21-at-15.35.50-310x205.jpeg"},"slider":{"file":"WhatsApp-Image-2023-04-21-at-15.35.50-660x330.jpeg","width":660,"height":330,"filesize":52165,"mime_type":"image\/jpeg","source_url":"https:\/\/memoriadaculturaesportebsb.com.br\/wp-content\/uploads\/2023\/04\/WhatsApp-Image-2023-04-21-at-15.35.50-660x330.jpeg"},"big-slider":{"file":"WhatsApp-Image-2023-04-21-at-15.35.50-1050x525.jpeg","width":1050,"height":525,"filesize":116330,"mime_type":"image\/jpeg","source_url":"https:\/\/memoriadaculturaesportebsb.com.br\/wp-content\/uploads\/2023\/04\/WhatsApp-Image-2023-04-21-at-15.35.50-1050x525.jpeg"},"authorship-box-avatar":{"file":"WhatsApp-Image-2023-04-21-at-15.35.50-150x150.jpeg","width":150,"height":150,"filesize":7588,"mime_type":"image\/jpeg","source_url":"https:\/\/memoriadaculturaesportebsb.com.br\/wp-content\/uploads\/2023\/04\/WhatsApp-Image-2023-04-21-at-15.35.50-150x150.jpeg"},"authorship-box-related":{"file":"WhatsApp-Image-2023-04-21-at-15.35.50-70x70.jpeg","width":70,"height":70,"filesize":2342,"mime_type":"image\/jpeg","source_url":"https:\/\/memoriadaculturaesportebsb.com.br\/wp-content\/uploads\/2023\/04\/WhatsApp-Image-2023-04-21-at-15.35.50-70x70.jpeg"},"authorship-custom-avatar":{"file":"WhatsApp-Image-2023-04-21-at-15.35.50-120x120.jpeg","width":120,"height":120,"filesize":5170,"mime_type":"image\/jpeg","source_url":"https:\/\/memoriadaculturaesportebsb.com.br\/wp-content\/uploads\/2023\/04\/WhatsApp-Image-2023-04-21-at-15.35.50-120x120.jpeg"},"full":{"file":"WhatsApp-Image-2023-04-21-at-15.35.50.jpeg","width":1080,"height":1080,"mime_type":"image\/jpeg","source_url":"https:\/\/memoriadaculturaesportebsb.com.br\/wp-content\/uploads\/2023\/04\/WhatsApp-Image-2023-04-21-at-15.35.50.jpeg"}},"image_meta":{"aperture":"0","credit":"","camera":"","caption":"","created_timestamp":"0","copyright":"","focal_length":"0","iso":"0","shutter_speed":"0","title":"","orientation":"0","keywords":[]}},"post":1861,"source_url":"https:\/\/memoriadaculturaesportebsb.com.br\/wp-content\/uploads\/2023\/04\/WhatsApp-Image-2023-04-21-at-15.35.50.jpeg","_links":{"self":[{"href":"https:\/\/memoriadaculturaesportebsb.com.br\/index.php\/wp-json\/wp\/v2\/media\/1870","targetHints":{"allow":["GET"]}}],"collection":[{"href":"https:\/\/memoriadaculturaesportebsb.com.br\/index.php\/wp-json\/wp\/v2\/media"}],"about":[{"href":"https:\/\/memoriadaculturaesportebsb.com.br\/index.php\/wp-json\/wp\/v2\/types\/attachment"}],"author":[{"embeddable":true,"href":"https:\/\/memoriadaculturaesportebsb.com.br\/index.php\/wp-json\/wp\/v2\/users\/2"}],"replies":[{"embeddable":true,"href":"https:\/\/memoriadaculturaesportebsb.com.br\/index.php\/wp-json\/wp\/v2\/comments?post=1870"}],"wp:attached-to":[{"embeddable":true,"post_type":"post","id":1861,"href":"https:\/\/memoriadaculturaesportebsb.com.br\/index.php\/wp-json\/wp\/v2\/posts\/1861"}],"curies":[{"name":"wp","href":"https:\/\/api.w.org\/{rel}","templated":true}]}}

<p>Glória e Elita, irmãs do super campeão olímpico Joaquim Cruz</p>
